{"id":1139,"date":"2019-02-07T13:31:00","date_gmt":"2019-02-07T12:31:00","guid":{"rendered":"http:\/\/www.ihre-produktfotos.de\/?page_id=1139"},"modified":"2019-02-25T13:57:11","modified_gmt":"2019-02-25T12:57:11","slug":"packshots","status":"publish","type":"page","link":"https:\/\/www.ihre-produktfotos.de\/?page_id=1139","title":{"rendered":"Packshots"},"content":{"rendered":"\n<div class=\"Titel\">Packshots<\/div><br>\n<br>\n<p>Die klassische Produktaufnahme mit 3 Seiten Ansicht.<br>\nHochaufl\u00f6send, gestochen scharf und optimal ausgeleuchtet l\u00e4sst es den Betrachter auch das richtige Gr\u00f6\u00dfenverh\u00e4ltnis beurteilen.<\/p>\n<br>\n<br>\n<br>\n<br>\n<img decoding=\"async\" src=\"http:\/\/www.ihre-produktfotos.de\/wp-content\/uploads\/2019\/02\/Ravensburger_Gravitrax_02.jpg\" style=\"margin-left: auto;margin-right: auto;\" width=\"400px\">\n<br>\nOptional gibt es die M\u00f6glichkeit das Produkt mit Verpackung, also Produkt \/ Verpackung gleichzeitig darzustellen. \n<br>\n<img decoding=\"async\" src=\"http:\/\/www.ihre-produktfotos.de\/wp-content\/uploads\/2019\/02\/Ravensburger_Gravitrax_01.jpg\" style=\"margin-left: auto;margin-right: auto;\" width=\"400px\">\n<br>\nIn der heutigen, modernen Bildsprache ist es \u00fcblich mit Bildsch\u00e4rfe bzw. Unsch\u00e4rfe zu arbeiten. Das hei\u00dft, mehrere Objekte werden unterschiedlich scharf abgebildet, um damit r\u00e4umliche Tiefe zu erzielen und das eigentliche Produkt in den Vordergrund zu stellen.\n<br>\n<img decoding=\"async\" src=\"http:\/\/www.ihre-produktfotos.de\/wp-content\/uploads\/2019\/02\/Ravensburger_Gravitrax_04.jpg\" style=\"margin-left: auto;margin-right: auto;\" width=\"400px\"> \n<\/p>\n","protected":false},"excerpt":{"rendered":"<p>Packshots Die klassische Produktaufnahme mit 3 Seiten Ansicht. Hochaufl\u00f6send, gestochen scharf und optimal ausgeleuchtet l\u00e4sst es den Betrachter auch das richtige Gr\u00f6\u00dfenverh\u00e4ltnis beurteilen. Optional gibt es die M\u00f6glichkeit das Produkt mit Verpackung, also Produkt \/ Verpackung gleichzeitig darzustellen. In der heutigen, modernen Bildsprache ist es \u00fcblich mit Bildsch\u00e4rfe bzw. Unsch\u00e4rfe zu arbeiten. Das hei\u00dft, mehrere [&hellip;]<\/p>\n","protected":false},"author":2,"featured_media":0,"parent":0,"menu_order":0,"comment_status":"closed","ping_status":"closed","template":"","meta":{"ngg_post_thumbnail":0,"footnotes":""},"class_list":["post-1139","page","type-page","status-publish","hentry"],"_links":{"self":[{"href":"https:\/\/www.ihre-produktfotos.de\/index.php?rest_route=\/wp\/v2\/pages\/1139","targetHints":{"allow":["GET"]}}],"collection":[{"href":"https:\/\/www.ihre-produktfotos.de\/index.php?rest_route=\/wp\/v2\/pages"}],"about":[{"href":"https:\/\/www.ihre-produktfotos.de\/index.php?rest_route=\/wp\/v2\/types\/page"}],"author":[{"embeddable":true,"href":"https:\/\/www.ihre-produktfotos.de\/index.php?rest_route=\/wp\/v2\/users\/2"}],"replies":[{"embeddable":true,"href":"https:\/\/www.ihre-produktfotos.de\/index.php?rest_route=%2Fwp%2Fv2%2Fcomments&post=1139"}],"version-history":[{"count":15,"href":"https:\/\/www.ihre-produktfotos.de\/index.php?rest_route=\/wp\/v2\/pages\/1139\/revisions"}],"predecessor-version":[{"id":2299,"href":"https:\/\/www.ihre-produktfotos.de\/index.php?rest_route=\/wp\/v2\/pages\/1139\/revisions\/2299"}],"wp:attachment":[{"href":"https:\/\/www.ihre-produktfotos.de\/index.php?rest_route=%2Fwp%2Fv2%2Fmedia&parent=1139"}],"curies":[{"name":"wp","href":"https:\/\/api.w.org\/{rel}","templated":true}]}}